{"id":15,"date":"2021-11-21T15:14:41","date_gmt":"2021-11-21T15:14:41","guid":{"rendered":"http:\/\/skyworld-web.com\/www\/services\/"},"modified":"2026-01-14T10:54:01","modified_gmt":"2026-01-14T09:54:01","slug":"service","status":"publish","type":"page","link":"https:\/\/skyworld-web.com\/www\/service\/","title":{"rendered":"Service"},"content":{"rendered":"\t\t<div data-elementor-type=\"wp-page\" data-elementor-id=\"15\" class=\"elementor elementor-15\">\n\t\t\t\t<div class=\"elementor-element elementor-element-9b83e30 e-flex e-con-boxed e-con e-parent\" data-id=\"9b83e30\" data-element_type=\"container\">\n\t\t\t\t\t<div class=\"e-con-inner\">\n\t\t\t\t<div class=\"elementor-element elementor-element-fc2563c elementor-widget elementor-widget-spacer\" data-id=\"fc2563c\" data-element_type=\"widget\" data-widget_type=\"spacer.default\">\n\t\t\t\t<div class=\"elementor-widget-container\">\n\t\t\t\t\t\t\t<div class=\"elementor-spacer\">\n\t\t\t<div class=\"elementor-spacer-inner\"><\/div>\n\t\t<\/div>\n\t\t\t\t\t\t<\/div>\n\t\t\t\t<\/div>\n\t\t\t\t\t<\/div>\n\t\t\t\t<\/div>\n\t\t<div class=\"elementor-element elementor-element-702f689 e-con-full e-flex e-con e-parent\" data-id=\"702f689\" data-element_type=\"container\" data-settings=\"{&quot;background_background&quot;:&quot;classic&quot;}\">\n\t\t<div class=\"elementor-element elementor-element-983144d e-con-full e-flex e-con e-child\" data-id=\"983144d\" data-element_type=\"container\">\n\t\t\t\t<div class=\"elementor-element elementor-element-e886bc0 elementor-widget elementor-widget-spacer\" data-id=\"e886bc0\" data-element_type=\"widget\" data-widget_type=\"spacer.default\">\n\t\t\t\t<div class=\"elementor-widget-container\">\n\t\t\t\t\t\t\t<div class=\"elementor-spacer\">\n\t\t\t<div class=\"elementor-spacer-inner\"><\/div>\n\t\t<\/div>\n\t\t\t\t\t\t<\/div>\n\t\t\t\t<\/div>\n\t\t\t\t<div class=\"elementor-element elementor-element-071db8e elementor-widget elementor-widget-spacer\" data-id=\"071db8e\" data-element_type=\"widget\" data-widget_type=\"spacer.default\">\n\t\t\t\t<div class=\"elementor-widget-container\">\n\t\t\t\t\t\t\t<div class=\"elementor-spacer\">\n\t\t\t<div class=\"elementor-spacer-inner\"><\/div>\n\t\t<\/div>\n\t\t\t\t\t\t<\/div>\n\t\t\t\t<\/div>\n\t\t\t\t<div class=\"elementor-element elementor-element-aaff108 elementor-widget__width-initial elementor-widget elementor-widget-heading\" data-id=\"aaff108\" data-element_type=\"widget\" data-widget_type=\"heading.default\">\n\t\t\t\t<div class=\"elementor-widget-container\">\n\t\t\t\t\t<h2 class=\"elementor-heading-title elementor-size-default\">Skyworld EDV<\/h2>\t\t\t\t<\/div>\n\t\t\t\t<\/div>\n\t\t\t\t<div class=\"elementor-element elementor-element-cfa228c elementor-widget__width-initial elementor-widget elementor-widget-heading\" data-id=\"cfa228c\" data-element_type=\"widget\" data-widget_type=\"heading.default\">\n\t\t\t\t<div class=\"elementor-widget-container\">\n\t\t\t\t\t<h2 class=\"elementor-heading-title elementor-size-default\">Ihr IT-Partner aus Bremerhaven<\/h2>\t\t\t\t<\/div>\n\t\t\t\t<\/div>\n\t\t\t\t<\/div>\n\t\t\t\t<\/div>\n\t\t<div class=\"elementor-element elementor-element-b069d22 e-flex e-con-boxed e-con e-parent\" data-id=\"b069d22\" data-element_type=\"container\">\n\t\t\t\t\t<div class=\"e-con-inner\">\n\t\t<div class=\"elementor-element elementor-element-56a4564 e-con-full e-flex e-con e-child\" data-id=\"56a4564\" data-element_type=\"container\">\n\t\t\t\t<div class=\"elementor-element elementor-element-50d6336 elementor-widget elementor-widget-heading\" data-id=\"50d6336\" data-element_type=\"widget\" data-widget_type=\"heading.default\">\n\t\t\t\t<div class=\"elementor-widget-container\">\n\t\t\t\t\t<h3 class=\"elementor-heading-title elementor-size-default\">IT-Service<\/h3>\t\t\t\t<\/div>\n\t\t\t\t<\/div>\n\t\t\t\t<div class=\"elementor-element elementor-element-9308ff2 elementor-widget elementor-widget-text-editor\" data-id=\"9308ff2\" data-element_type=\"widget\" data-widget_type=\"text-editor.default\">\n\t\t\t\t<div class=\"elementor-widget-container\">\n\t\t\t\t\t\t\t\t\t<ul><li>Installation und Wartung von Servern; Hard-\/ und Softwareseitig (Windows\/Linux)<\/li><li>Installation und Wartung div. Microsoft Dienste (Exchange, Terminal Server etc.)<\/li><li>Aufbau von standort\u00fcbergreifenden Netzwerken (Site-to-Site VPN)<\/li><li>Realisierung von Remote bzw. Heimarbeitspl\u00e4tzen (Client-to-Site VPN, Remote Zugriff \u00fcber HTTPS)<\/li><li>Aufbau und Pflege von Webseiten inkl. das Einrichten entsprechender Server sowie Dienste<\/li><li>Realisierung und Verwaltung von Cloudinfrastrukturen (Nextcloud)<\/li><li>Planung und Installation von Video\u00fcberwachungsanlagen<\/li><li>Aufbau bzw. Erweiterung von Netzwerkinfrastrukturen sowie fl\u00e4chendeckendes und stabiles WLAN<\/li><li>Konzeptionierung und Umsetzung allumfassender Datensicherung in mehreren Stufen, sowohl Inhouse als auch Offsite<\/li><\/ul>\t\t\t\t\t\t\t\t<\/div>\n\t\t\t\t<\/div>\n\t\t\t\t<\/div>\n\t\t<div class=\"elementor-element elementor-element-dffccf7 e-con-full e-flex e-con e-child\" data-id=\"dffccf7\" data-element_type=\"container\">\n\t\t\t\t<div class=\"elementor-element elementor-element-a48b651 elementor-widget elementor-widget-image\" data-id=\"a48b651\" data-element_type=\"widget\" data-widget_type=\"image.default\">\n\t\t\t\t<div class=\"elementor-widget-container\">\n\t\t\t\t\t\t\t\t\t\t\t\t\t\t\t<img fetchpriority=\"high\" decoding=\"async\" width=\"1024\" height=\"683\" src=\"https:\/\/skyworld-web.com\/www\/wp-content\/uploads\/2025\/04\/2d370536-e9e8-4f69-bb11-b3dc52fbc9fc-1-1024x683.png\" class=\"attachment-large size-large wp-image-2294\" alt=\"\" srcset=\"https:\/\/skyworld-web.com\/www\/wp-content\/uploads\/2025\/04\/2d370536-e9e8-4f69-bb11-b3dc52fbc9fc-1-1024x683.png 1024w, https:\/\/skyworld-web.com\/www\/wp-content\/uploads\/2025\/04\/2d370536-e9e8-4f69-bb11-b3dc52fbc9fc-1-300x200.png 300w, https:\/\/skyworld-web.com\/www\/wp-content\/uploads\/2025\/04\/2d370536-e9e8-4f69-bb11-b3dc52fbc9fc-1-768x512.png 768w, https:\/\/skyworld-web.com\/www\/wp-content\/uploads\/2025\/04\/2d370536-e9e8-4f69-bb11-b3dc52fbc9fc-1.png 1536w\" sizes=\"(max-width: 1024px) 100vw, 1024px\" \/>\t\t\t\t\t\t\t\t\t\t\t\t\t\t\t<\/div>\n\t\t\t\t<\/div>\n\t\t\t\t<\/div>\n\t\t\t\t\t<\/div>\n\t\t\t\t<\/div>\n\t\t<div class=\"elementor-element elementor-element-813434b e-flex e-con-boxed e-con e-parent\" data-id=\"813434b\" data-element_type=\"container\">\n\t\t\t\t\t<div class=\"e-con-inner\">\n\t\t\t\t<div class=\"elementor-element elementor-element-c80070d elementor-widget-divider--view-line elementor-widget elementor-widget-divider\" data-id=\"c80070d\" data-element_type=\"widget\" data-widget_type=\"divider.default\">\n\t\t\t\t<div class=\"elementor-widget-container\">\n\t\t\t\t\t\t\t<div class=\"elementor-divider\">\n\t\t\t<span class=\"elementor-divider-separator\">\n\t\t\t\t\t\t<\/span>\n\t\t<\/div>\n\t\t\t\t\t\t<\/div>\n\t\t\t\t<\/div>\n\t\t\t\t\t<\/div>\n\t\t\t\t<\/div>\n\t\t<div class=\"elementor-element elementor-element-65269a7 e-flex e-con-boxed e-con e-parent\" data-id=\"65269a7\" data-element_type=\"container\">\n\t\t\t\t\t<div class=\"e-con-inner\">\n\t\t\t\t<div class=\"elementor-element elementor-element-dbf4edf elementor-widget elementor-widget-menu-anchor\" data-id=\"dbf4edf\" data-element_type=\"widget\" data-widget_type=\"menu-anchor.default\">\n\t\t\t\t<div class=\"elementor-widget-container\">\n\t\t\t\t\t\t\t<div class=\"elementor-menu-anchor\" id=\"datensicherung\"><\/div>\n\t\t\t\t\t\t<\/div>\n\t\t\t\t<\/div>\n\t\t\t\t\t<\/div>\n\t\t\t\t<\/div>\n\t\t<div class=\"elementor-element elementor-element-4ea6c66 e-con-full e-grid e-con e-parent\" data-id=\"4ea6c66\" data-element_type=\"container\">\n\t\t<div class=\"elementor-element elementor-element-1d599f0 e-con-full e-flex e-con e-child\" data-id=\"1d599f0\" data-element_type=\"container\">\n\t\t\t\t<div class=\"elementor-element elementor-element-8f2af4c elementor-widget elementor-widget-heading\" data-id=\"8f2af4c\" data-element_type=\"widget\" data-widget_type=\"heading.default\">\n\t\t\t\t<div class=\"elementor-widget-container\">\n\t\t\t\t\t<h3 class=\"elementor-heading-title elementor-size-default\"><b>Datensicherung<\/b><\/h3>\t\t\t\t<\/div>\n\t\t\t\t<\/div>\n\t\t\t\t<div class=\"elementor-element elementor-element-0701632 elementor-widget elementor-widget-text-editor\" data-id=\"0701632\" data-element_type=\"widget\" data-widget_type=\"text-editor.default\">\n\t\t\t\t<div class=\"elementor-widget-container\">\n\t\t\t\t\t\t\t\t\t<h4>Ihre Daten sind von unsch\u00e4tzbarem Wert!<\/h4><p>Die Datensicherheit-\/ und Sicherung geh\u00f6rt daher zum Grundstein Ihres IT-Konzeptes. Die Sicherung Ihrer Daten im eigenen Haus ist, gerade in der heutigen Zeit, ebenso wichtig, wie das Vorhalten der Daten au\u00dfer Haus. Mit unserem Datensicherungskonzepten bieten wir Ihnen eine kosteneffiziente und sichere M\u00f6glichkeit, Datensicherungen au\u00dferhalb Ihres Netzwerkes aufzubewahren. Diese sind somit vor unbefugtem Zugriff gesch\u00fctzt.<\/p><h4>\u00a0<\/h4><h4 style=\"text-align: left;\">Einen Schritt voraus!<\/h4><p>Sch\u00fctzen Sie sich vor dem Super-Gau!<\/p><p>Mit unseren Konzepten bieten wir Ihnen die M\u00f6glichkeit sich vor Datenverlust zu sch\u00fctzen. Dabei k\u00f6nnen die Szenarien unterschiedlicher nicht sein:<\/p><ul><li>Ihre Infrastruktur ist besch\u00e4digt, die lokale Datensicherung unbrauchbar geworden oder nicht mehr vorhanden. Dies kann sowohl durch eine Fehlkonfiguration als auch an Hardwaredefekten liegen.<\/li><li>Sie wurden Opfer eines Cyberangriffs (Ransomware, Malware, Trojaner etc.). Ihre lokalen Datensicherungen sind dabei in den meisten F\u00e4llen ebenfalls betroffen.<\/li><li>Besch\u00e4digungen der Daten und lokalen Datensicherung durch Einbruch\/Diebstahl. Nicht selten werden dadurch nicht nur live Daten besch\u00e4digt. Oft trifft es auch lokale Datensicherungen die auf NAS oder externen Festplatten abgelegt werden<\/li><li>Besch\u00e4digungen der Daten und lokalen Datensicherung durch h\u00f6here Gewalt wie z. B. Blitzeinschl\u00e4ge, Wassersch\u00e4den oder Feuer.<\/li><\/ul><div style=\"text-align: left;\">Ohne eine Sicherung au\u00dfer Haus k\u00f6nnen Sie nicht mehr auf Ihre Daten zugreifen. Der Super-Gau f\u00fcr jedes Unternehmen!<\/div><div>\u00a0<\/div><div style=\"text-align: center;\"><strong>Wir bieten Ihnen eine effiziente und sichere L\u00f6sung &#8211; zu fairen Preisen!<\/strong><\/div><div>\u00a0<\/div><div>Unser Angebot richtet sich an Klein- und Mittelst\u00e4ndische Unternehmen, die auf der Suche nach einer Backupl\u00f6sung zu fairen Preisen sind.<\/div><p>Sprechen Sie uns gerne an. Wir arbeiten mit Ihnen zusammen ein Konzept aus &#8211; exakt auf Ihre Bed\u00fcrfnisse zugeschnitten.<\/p>\t\t\t\t\t\t\t\t<\/div>\n\t\t\t\t<\/div>\n\t\t\t\t<\/div>\n\t\t\t\t<div class=\"elementor-element elementor-element-ff396d0 elementor-widget elementor-widget-image\" data-id=\"ff396d0\" data-element_type=\"widget\" data-widget_type=\"image.default\">\n\t\t\t\t<div class=\"elementor-widget-container\">\n\t\t\t\t\t\t\t\t\t\t\t\t\t\t\t<img decoding=\"async\" width=\"1024\" height=\"683\" src=\"https:\/\/skyworld-web.com\/www\/wp-content\/uploads\/2025\/04\/fb43a538-c54f-4b38-ac7d-72a53634c041-1024x683.png\" class=\"attachment-large size-large wp-image-2290\" alt=\"\" srcset=\"https:\/\/skyworld-web.com\/www\/wp-content\/uploads\/2025\/04\/fb43a538-c54f-4b38-ac7d-72a53634c041-1024x683.png 1024w, https:\/\/skyworld-web.com\/www\/wp-content\/uploads\/2025\/04\/fb43a538-c54f-4b38-ac7d-72a53634c041-300x200.png 300w, https:\/\/skyworld-web.com\/www\/wp-content\/uploads\/2025\/04\/fb43a538-c54f-4b38-ac7d-72a53634c041-768x512.png 768w, https:\/\/skyworld-web.com\/www\/wp-content\/uploads\/2025\/04\/fb43a538-c54f-4b38-ac7d-72a53634c041.png 1536w\" sizes=\"(max-width: 1024px) 100vw, 1024px\" \/>\t\t\t\t\t\t\t\t\t\t\t\t\t\t\t<\/div>\n\t\t\t\t<\/div>\n\t\t\t\t<\/div>\n\t\t<div class=\"elementor-element elementor-element-a0cb3cb e-flex e-con-boxed e-con e-parent\" data-id=\"a0cb3cb\" data-element_type=\"container\">\n\t\t\t\t\t<div class=\"e-con-inner\">\n\t\t\t\t<div class=\"elementor-element elementor-element-aacd63e elementor-widget elementor-widget-n-accordion\" data-id=\"aacd63e\" data-element_type=\"widget\" data-settings=\"{&quot;default_state&quot;:&quot;expanded&quot;,&quot;max_items_expended&quot;:&quot;one&quot;,&quot;n_accordion_animation_duration&quot;:{&quot;unit&quot;:&quot;ms&quot;,&quot;size&quot;:400,&quot;sizes&quot;:[]}}\" data-widget_type=\"nested-accordion.default\">\n\t\t\t\t<div class=\"elementor-widget-container\">\n\t\t\t\t\t\t\t<div class=\"e-n-accordion\" aria-label=\"Accordion. Open links with Enter or Space, close with Escape, and navigate with Arrow Keys\">\n\t\t\t\t\t\t<details id=\"e-n-accordion-item-1790\" class=\"e-n-accordion-item\" open>\n\t\t\t\t<summary class=\"e-n-accordion-item-title\" data-accordion-index=\"1\" tabindex=\"0\" aria-expanded=\"true\" aria-controls=\"e-n-accordion-item-1790\" >\n\t\t\t\t\t<span class='e-n-accordion-item-title-header'><div class=\"e-n-accordion-item-title-text\"> Umsetzung <\/div><\/span>\n\t\t\t\t\t\t\t<span class='e-n-accordion-item-title-icon'>\n\t\t\t<span class='e-opened' ><svg aria-hidden=\"true\" class=\"e-font-icon-svg e-fas-minus\" viewBox=\"0 0 448 512\" xmlns=\"http:\/\/www.w3.org\/2000\/svg\"><path d=\"M416 208H32c-17.67 0-32 14.33-32 32v32c0 17.67 14.33 32 32 32h384c17.67 0 32-14.33 32-32v-32c0-17.67-14.33-32-32-32z\"><\/path><\/svg><\/span>\n\t\t\t<span class='e-closed'><svg aria-hidden=\"true\" class=\"e-font-icon-svg e-fas-plus\" viewBox=\"0 0 448 512\" xmlns=\"http:\/\/www.w3.org\/2000\/svg\"><path d=\"M416 208H272V64c0-17.67-14.33-32-32-32h-32c-17.67 0-32 14.33-32 32v144H32c-17.67 0-32 14.33-32 32v32c0 17.67 14.33 32 32 32h144v144c0 17.67 14.33 32 32 32h32c17.67 0 32-14.33 32-32V304h144c17.67 0 32-14.33 32-32v-32c0-17.67-14.33-32-32-32z\"><\/path><\/svg><\/span>\n\t\t<\/span>\n\n\t\t\t\t\t\t<\/summary>\n\t\t\t\t<div role=\"region\" aria-labelledby=\"e-n-accordion-item-1790\" class=\"elementor-element elementor-element-bab6f1d e-con-full e-flex e-con e-child\" data-id=\"bab6f1d\" data-element_type=\"container\">\n\t\t<div role=\"region\" aria-labelledby=\"e-n-accordion-item-1790\" class=\"elementor-element elementor-element-099b974 e-flex e-con-boxed e-con e-child\" data-id=\"099b974\" data-element_type=\"container\">\n\t\t\t\t\t<div class=\"e-con-inner\">\n\t\t\t\t<div class=\"elementor-element elementor-element-e70404b elementor-widget elementor-widget-text-editor\" data-id=\"e70404b\" data-element_type=\"widget\" data-widget_type=\"text-editor.default\">\n\t\t\t\t<div class=\"elementor-widget-container\">\n\t\t\t\t\t\t\t\t\t<p>Egal welche Art von Cloud Speicher Sie ben\u00f6tigen. Wir bieten Ihnen eine Vielzahl an M\u00f6glichkeiten Ihre Datensicherung au\u00dfer Haus zu lagern. Selbstverst\u00e4ndlich legen wir dabei gro\u00dfen Wert auf Sicherheit und nutzen daf\u00fcr verschl\u00fcsselte \u00dcbertragung- sowie Speicherung Ihrer Daten.\u00a0<\/p>\t\t\t\t\t\t\t\t<\/div>\n\t\t\t\t<\/div>\n\t\t\t\t\t<\/div>\n\t\t\t\t<\/div>\n\t\t\t\t<\/div>\n\t\t\t\t\t<\/details>\n\t\t\t\t\t\t<details id=\"e-n-accordion-item-1791\" class=\"e-n-accordion-item\" >\n\t\t\t\t<summary class=\"e-n-accordion-item-title\" data-accordion-index=\"2\" tabindex=\"-1\" aria-expanded=\"false\" aria-controls=\"e-n-accordion-item-1791\" >\n\t\t\t\t\t<span class='e-n-accordion-item-title-header'><div class=\"e-n-accordion-item-title-text\"> Sie besitzen USB \/ Wechseldatentr\u00e4ger - Wozu eine Sicherung in der Cloud? <\/div><\/span>\n\t\t\t\t\t\t\t<span class='e-n-accordion-item-title-icon'>\n\t\t\t<span class='e-opened' ><svg aria-hidden=\"true\" class=\"e-font-icon-svg e-fas-minus\" viewBox=\"0 0 448 512\" xmlns=\"http:\/\/www.w3.org\/2000\/svg\"><path d=\"M416 208H32c-17.67 0-32 14.33-32 32v32c0 17.67 14.33 32 32 32h384c17.67 0 32-14.33 32-32v-32c0-17.67-14.33-32-32-32z\"><\/path><\/svg><\/span>\n\t\t\t<span class='e-closed'><svg aria-hidden=\"true\" class=\"e-font-icon-svg e-fas-plus\" viewBox=\"0 0 448 512\" xmlns=\"http:\/\/www.w3.org\/2000\/svg\"><path d=\"M416 208H272V64c0-17.67-14.33-32-32-32h-32c-17.67 0-32 14.33-32 32v144H32c-17.67 0-32 14.33-32 32v32c0 17.67 14.33 32 32 32h144v144c0 17.67 14.33 32 32 32h32c17.67 0 32-14.33 32-32V304h144c17.67 0 32-14.33 32-32v-32c0-17.67-14.33-32-32-32z\"><\/path><\/svg><\/span>\n\t\t<\/span>\n\n\t\t\t\t\t\t<\/summary>\n\t\t\t\t<div role=\"region\" aria-labelledby=\"e-n-accordion-item-1791\" class=\"elementor-element elementor-element-d51e058 e-con-full e-flex e-con e-child\" data-id=\"d51e058\" data-element_type=\"container\">\n\t\t<div role=\"region\" aria-labelledby=\"e-n-accordion-item-1791\" class=\"elementor-element elementor-element-18bd788 e-flex e-con-boxed e-con e-child\" data-id=\"18bd788\" data-element_type=\"container\">\n\t\t\t\t\t<div class=\"e-con-inner\">\n\t\t\t\t<div class=\"elementor-element elementor-element-a9c86e2 elementor-widget elementor-widget-text-editor\" data-id=\"a9c86e2\" data-element_type=\"widget\" data-widget_type=\"text-editor.default\">\n\t\t\t\t<div class=\"elementor-widget-container\">\n\t\t\t\t\t\t\t\t\t<p>Das Nutzen von Wechseldatentr\u00e4gern wie USB Festplatten ist eine kosteng\u00fcnstige M\u00f6glichkeit Datensicherungen au\u00dfer Haus aufzubewahren. Viele Unternehmen w\u00e4hlen diesen Weg, sehen aber nicht die damit verbundenen Gefahren.<\/p><p>USB Datentr\u00e4gern sind deutlich fehleranf\u00e4lliger, da sie grunds\u00e4tzlich mobil eingesetzt werden. Durch den st\u00e4ndigen Transport steigt das Risiko, dass die Datentr\u00e4ger unbrauchbar werden (z. B. durch Ersch\u00fctterungen w\u00e4hrend des Transport). Nicht zuletzt k\u00f6nnen USB Datentr\u00e4ger auch leichter entwendet werden, was nicht nur daf\u00fcr sorgt, dass es keine Sicherung mehr au\u00dfer Haus gibt &#8211; schlimmer noch, die Daten gelangen so in fremde H\u00e4nde!<\/p><p>Die Cloud Datensicherung bietet Ihnen daher die optimalste L\u00f6sung f\u00fcr Ihr Unternehmen &#8211; Gesch\u00fctzt vor unbefugtem Zugriff!<\/p>\t\t\t\t\t\t\t\t<\/div>\n\t\t\t\t<\/div>\n\t\t\t\t\t<\/div>\n\t\t\t\t<\/div>\n\t\t\t\t<\/div>\n\t\t\t\t\t<\/details>\n\t\t\t\t\t<\/div>\n\t\t\t\t\t\t<\/div>\n\t\t\t\t<\/div>\n\t\t\t\t\t<\/div>\n\t\t\t\t<\/div>\n\t\t<div class=\"elementor-element elementor-element-1cbfdc4 e-flex e-con-boxed e-con e-parent\" data-id=\"1cbfdc4\" data-element_type=\"container\">\n\t\t\t\t\t<div class=\"e-con-inner\">\n\t\t\t\t<div class=\"elementor-element elementor-element-572276e elementor-widget elementor-widget-spacer\" data-id=\"572276e\" data-element_type=\"widget\" data-widget_type=\"spacer.default\">\n\t\t\t\t<div class=\"elementor-widget-container\">\n\t\t\t\t\t\t\t<div class=\"elementor-spacer\">\n\t\t\t<div class=\"elementor-spacer-inner\"><\/div>\n\t\t<\/div>\n\t\t\t\t\t\t<\/div>\n\t\t\t\t<\/div>\n\t\t\t\t\t<\/div>\n\t\t\t\t<\/div>\n\t\t\t\t<\/div>\n\t\t","protected":false},"excerpt":{"rendered":"<p>Skyworld EDV Ihr IT-Partner aus Bremerhaven IT-Service Installation und Wartung von Servern; Hard-\/ und Softwareseitig (Windows\/Linux) Installation und Wartung div. Microsoft Dienste (Exchange, Terminal Server etc.) Aufbau von standort\u00fcbergreifenden Netzwerken (Site-to-Site VPN) Realisierung von Remote bzw. Heimarbeitspl\u00e4tzen (Client-to-Site VPN, Remote Zugriff \u00fcber HTTPS) Aufbau und Pflege von Webseiten inkl. das Einrichten entsprechender Server sowie Dienste [&hellip;]<\/p>\n","protected":false},"author":1,"featured_media":0,"parent":0,"menu_order":0,"comment_status":"closed","ping_status":"closed","template":"","meta":{"site-sidebar-layout":"no-sidebar","site-content-layout":"page-builder","ast-site-content-layout":"full-width-container","site-content-style":"unboxed","site-sidebar-style":"unboxed","ast-global-header-display":"","ast-banner-title-visibility":"","ast-main-header-display":"","ast-hfb-above-header-display":"","ast-hfb-below-header-display":"","ast-hfb-mobile-header-display":"","site-post-title":"disabled","ast-breadcrumbs-content":"","ast-featured-img":"disabled","footer-sml-layout":"","theme-transparent-header-meta":"enabled","adv-header-id-meta":"","stick-header-meta":"","header-above-stick-meta":"","header-main-stick-meta":"","header-below-stick-meta":"","astra-migrate-meta-layouts":"set","ast-page-background-enabled":"default","ast-page-background-meta":{"desktop":{"background-color":"var(--ast-global-color-4)","background-image":"","background-repeat":"repeat","background-position":"center center","background-size":"auto","background-attachment":"scroll","background-type":"","background-media":"","overlay-type":"","overlay-color":"","overlay-opacity":"","overlay-gradient":""},"tablet":{"background-color":"","background-image":"","background-repeat":"repeat","background-position":"center center","background-size":"auto","background-attachment":"scroll","background-type":"","background-media":"","overlay-type":"","overlay-color":"","overlay-opacity":"","overlay-gradient":""},"mobile":{"background-color":"","background-image":"","background-repeat":"repeat","background-position":"center center","background-size":"auto","background-attachment":"scroll","background-type":"","background-media":"","overlay-type":"","overlay-color":"","overlay-opacity":"","overlay-gradient":""}},"ast-content-background-meta":{"desktop":{"background-color":"var(--ast-global-color-5)","background-image":"","background-repeat":"repeat","background-position":"center center","background-size":"auto","background-attachment":"scroll","background-type":"","background-media":"","overlay-type":"","overlay-color":"","overlay-opacity":"","overlay-gradient":""},"tablet":{"background-color":"var(--ast-global-color-5)","background-image":"","background-repeat":"repeat","background-position":"center center","background-size":"auto","background-attachment":"scroll","background-type":"","background-media":"","overlay-type":"","overlay-color":"","overlay-opacity":"","overlay-gradient":""},"mobile":{"background-color":"var(--ast-global-color-5)","background-image":"","background-repeat":"repeat","background-position":"center center","background-size":"auto","background-attachment":"scroll","background-type":"","background-media":"","overlay-type":"","overlay-color":"","overlay-opacity":"","overlay-gradient":""}},"footnotes":""},"class_list":["post-15","page","type-page","status-publish","hentry"],"_links":{"self":[{"href":"https:\/\/skyworld-web.com\/www\/wp-json\/wp\/v2\/pages\/15","targetHints":{"allow":["GET"]}}],"collection":[{"href":"https:\/\/skyworld-web.com\/www\/wp-json\/wp\/v2\/pages"}],"about":[{"href":"https:\/\/skyworld-web.com\/www\/wp-json\/wp\/v2\/types\/page"}],"author":[{"embeddable":true,"href":"https:\/\/skyworld-web.com\/www\/wp-json\/wp\/v2\/users\/1"}],"replies":[{"embeddable":true,"href":"https:\/\/skyworld-web.com\/www\/wp-json\/wp\/v2\/comments?post=15"}],"version-history":[{"count":127,"href":"https:\/\/skyworld-web.com\/www\/wp-json\/wp\/v2\/pages\/15\/revisions"}],"predecessor-version":[{"id":2351,"href":"https:\/\/skyworld-web.com\/www\/wp-json\/wp\/v2\/pages\/15\/revisions\/2351"}],"wp:attachment":[{"href":"https:\/\/skyworld-web.com\/www\/wp-json\/wp\/v2\/media?parent=15"}],"curies":[{"name":"wp","href":"https:\/\/api.w.org\/{rel}","templated":true}]}}